{"id":477,"date":"2021-08-16T13:20:42","date_gmt":"2021-08-16T11:20:42","guid":{"rendered":"https:\/\/sh-mc.cz\/?page_id=477"},"modified":"2025-09-26T19:37:05","modified_gmt":"2025-09-26T17:37:05","slug":"jak-a-proc-sh-mc","status":"publish","type":"page","link":"https:\/\/shmc.cz\/?page_id=477","title":{"rendered":"Jak a Pro\u010d SH-MC?"},"content":{"rendered":"\n<p>Na server se p\u0159ipoj\u00edte jen se zakoupen\u00fdm Minecraftem.<br><strong>IP adresa: shmc.cz<br><\/strong>Server je pouze pro <strong>Java <\/strong>edici<br>Aktu\u00e1ln\u00ed verze je <strong>1.21.8<\/strong><\/p>\n\n\n\n<h4 class=\"wp-block-heading\">Na serveru SH-MC hrajte hlavn\u011b, pokud&#8230;<\/h4>\n\n\n\n<p>Si chcete zahr\u00e1t na slu\u0161n\u00e9m serveru, chcete hr\u00e1t survival bez velk\u00fdch v\u00fdhod. \u017d\u00e1dn\u00e1 nesmrtelnost \u010di n\u011bco podobn\u00e9ho. Server je na t\u011b\u017ekou obt\u00ed\u017enost, tak si mus\u00edte d\u00e1t ze za\u010d\u00e1tku pozor.<\/p>\n\n\n\n<p>M\u016f\u017eete hr\u00e1t i s kamar\u00e1dy, stav\u011bt, obchodovat mezi hr\u00e1\u010di, na serveru je virtu\u00e1ln\u00ed m\u011bna, kterou lze platit hr\u00e1\u010d\u016fm nebo nakupovat v obchodech.<\/p>\n\n\n\n<h4 class=\"wp-block-heading\">Co na serveru najdete?<\/h4>\n\n\n\n<p>R\u016fzn\u00e1 vylep\u0161en\u00ed, m\u016f\u017eete si jako hr\u00e1\u010d zakupovat l\u00e9t\u00e1n\u00ed ve VoteShopu, jako VIP m\u00e1te del\u0161\u00ed, ale i jako hr\u00e1\u010d se m\u016f\u017eete prolet\u011bt. Jako nov\u00fd hr\u00e1\u010d dostanete p\u016fl hodiny l\u00e9t\u00e1n\u00ed, a\u0165 m\u00e1te \u010das si naj\u00edt n\u011bjak\u00e9 m\u00edsto.<\/p>\n\n\n\n<p>Ze Spawnu se teleportujete pomoc\u00ed \/<em>rtp<\/em>, pot\u00e9 m\u016f\u017eete v p\u0159\u00edrod\u011b hr\u00e1t jak chcete, naj\u00edt si vhodn\u00e9 m\u00edsto.<\/p>\n\n\n\n<p>Je na serveru ale zak\u00e1z\u00e1no PvP a tak\u00e9 br\u00e1t v\u011bci jin\u00fdm hr\u00e1\u010d\u016fm \u010di je zab\u00edjet, ni\u010dit jejich pozemek.<br>Zkr\u00e1tka co nen\u00ed va\u0161e, pokud nem\u00e1m povolen\u00ed od druh\u00e9 osoby, co to vlastn\u00ed &#8211; na to nesah\u00e1m.<\/p>\n\n\n\n<p>Residence jsou dostate\u010dn\u011b velk\u00e9 a zdarma a klidn\u011b se daj\u00ed i zv\u011bt\u0161it, kdy\u017e po\u017e\u00e1d\u00e1te admina.<\/p>\n\n\n\n<p>M\u00e1te-li jak\u00fdkoli dotaz, napi\u0161te t\u0159eba na Discord \ud83d\ude42<\/p>\n","protected":false},"excerpt":{"rendered":"<p>Na server se p\u0159ipoj\u00edte jen se zakoupen\u00fdm Minecraftem.IP adresa: shmc.czServer je pouze pro Java ediciAktu\u00e1ln\u00ed verze je 1.21.8 Na serveru SH-MC hrajte hlavn\u011b, pokud&#8230; Si chcete zahr\u00e1t na slu\u0161n\u00e9m serveru, chcete hr\u00e1t survival bez velk\u00fdch v\u00fdhod. \u017d\u00e1dn\u00e1 nesmrtelnost \u010di n\u011bco podobn\u00e9ho. Server je na t\u011b\u017ekou obt\u00ed\u017enost, tak si mus\u00edte d\u00e1t ze za\u010d\u00e1tku pozor. M\u016f\u017eete hr\u00e1t [&hellip;]<\/p>\n","protected":false},"author":1,"featured_media":0,"parent":0,"menu_order":0,"comment_status":"closed","ping_status":"closed","template":"","meta":{"footnotes":""},"class_list":["post-477","page","type-page","status-publish","hentry"],"_links":{"self":[{"href":"https:\/\/shmc.cz\/index.php?rest_route=\/wp\/v2\/pages\/477","targetHints":{"allow":["GET"]}}],"collection":[{"href":"https:\/\/shmc.cz\/index.php?rest_route=\/wp\/v2\/pages"}],"about":[{"href":"https:\/\/shmc.cz\/index.php?rest_route=\/wp\/v2\/types\/page"}],"author":[{"embeddable":true,"href":"https:\/\/shmc.cz\/index.php?rest_route=\/wp\/v2\/users\/1"}],"replies":[{"embeddable":true,"href":"https:\/\/shmc.cz\/index.php?rest_route=%2Fwp%2Fv2%2Fcomments&post=477"}],"version-history":[{"count":15,"href":"https:\/\/shmc.cz\/index.php?rest_route=\/wp\/v2\/pages\/477\/revisions"}],"predecessor-version":[{"id":657,"href":"https:\/\/shmc.cz\/index.php?rest_route=\/wp\/v2\/pages\/477\/revisions\/657"}],"wp:attachment":[{"href":"https:\/\/shmc.cz\/index.php?rest_route=%2Fwp%2Fv2%2Fmedia&parent=477"}],"curies":[{"name":"wp","href":"https:\/\/api.w.org\/{rel}","templated":true}]}}